{"id":246,"date":"2016-09-26T17:39:43","date_gmt":"2016-09-26T15:39:43","guid":{"rendered":"http:\/\/lionel-volta.fr\/WP\/?page_id=246"},"modified":"2023-02-03T17:30:34","modified_gmt":"2023-02-03T16:30:34","slug":"a-propos","status":"publish","type":"page","link":"https:\/\/lionel-volta.fr\/ents\/a-propos\/","title":{"rendered":"Lionel Volta &#8211; de la for\u00eat"},"content":{"rendered":"<div class=\"wp-block-image\">\n<figure class=\"aligncenter\"><img loading=\"lazy\" decoding=\"async\" width=\"300\" height=\"226\" src=\"http:\/\/lionel-volta.fr\/ents\/wp-content\/uploads\/Lionel-Volta-300x226.jpg\" alt=\"\" class=\"wp-image-1711\" srcset=\"https:\/\/lionel-volta.fr\/ents\/wp-content\/uploads\/Lionel-Volta-300x226.jpg 300w, https:\/\/lionel-volta.fr\/ents\/wp-content\/uploads\/Lionel-Volta.jpg 600w\" sizes=\"auto, (max-width: 300px) 100vw, 300px\" \/><\/figure><\/div>\n\n\n<p>Depuis mon enfance, je cabriole dans la for\u00eat du <a href=\"http:\/\/lionel-volta.fr\/ents\/contexte\/\">Haut-Jura<\/a>. Elle est rest\u00e9e un peu sauvage, moi aussi.<\/p>\n\n\n\n<p>Je partage des <a href=\"http:\/\/lionel-volta.fr\/ents\/category\/photos\/\">photos<\/a> pour montrer comme c&rsquo;est beau, tout simplement. Je documente modestement mon <a href=\"http:\/\/lionel-volta.fr\/ents\/derriere-chez-moi-savez-vous-quoi-quil-y-a\/\">\u00e9cosyst\u00e8me<\/a> de primate canop\u00e9en.<\/p>\n\n\n\n<p>En bricolant mes photos, les \u201c<a href=\"http:\/\/lionel-volta.fr\/ents\/ents\/\">Ents<\/a>\u201d me sont apparus, cach\u00e9s dans la mati\u00e8re. Un peuple de figures spontan\u00e9es se l\u00e8ve et c&rsquo;est de l&rsquo;art.<\/p>\n\n\n\n<p>Apr\u00e8s le massacre, il reste des <a href=\"http:\/\/lionel-volta.fr\/ents\/tout-souches\/\">souches<\/a> ! elles sont tr\u00e8s belles et racontent leur histoire dendrochronologique. On dit qu&rsquo;elles restent vivantes tr\u00e8s longtemps et continuent en douce \u00e0 \u00e9changer de bons services avec leurs voisins.  <\/p>\n\n\n\n<p>Je fais des <a href=\"http:\/\/lionel-volta.fr\/ents\/comment-montrer-un-arbre\/\">exp\u00e9riences<\/a>.<\/p>\n\n\n\n<p>Je commence un travail <a href=\"http:\/\/lionel-volta.fr\/ents\/category\/videos\/\">vid\u00e9o<\/a>. Boucles courtes, sujets graphiques, minimalistes.<\/p>\n\n\n\n<p><a href=\"https:\/\/fr.wikipedia.org\/wiki\/Par%C3%A9idolie\">Par\u00e9idolies<\/a>, arbres, for\u00eat, biodiversit\u00e9, \u00e9tat sauvage, rapports entre l&rsquo;homme et la plan\u00e8te.<\/p>\n\n\n\n<p>Bonne\nvisite.<\/p>\n\n\n\n<p>Lionel<\/p>\n\n\n\n<h2 class=\"wp-block-heading\">Mini bio<\/h2>\n\n\n\n<p><strong>Lionel Volta<\/strong><\/p>\n\n\n\n<p>Graphiste &#8211; Plasticien<br>Vit et travaille entre Paris et le Jura.<\/p>\n\n\n\n<p>N\u00e9 en 1962, 4 enfants, grand-p\u00e8re.<br>Enfance \u00e0 Lamoura dans le Haut-Jura.<br>Bac A7 (Arts plastiques) \u00e0 Besan\u00e7on 81.<br>Dipl\u00f4me sup\u00e9rieur des Arts D\u00e9coratifs de Strasbourg 87.<\/p>\n\n\n\n<p>Dessinateur maquettiste puis infographiste dans des agences de publicit\u00e9, \u00e9diteurs, imprimeries.<br>Graphiste ind\u00e9pendant depuis 1999.<\/p>\n\n\n\n<p>En parall\u00e8le, dessine, photographie, d\u00e9tourne, etc.<\/p>\n\n\n\n<p>Depuis 2009 d\u00e9veloppe un projet artistique \u00ab\u00a0de la for\u00eat \u00a0\u00bb : recherches sur la repr\u00e9sentation des arbres, photos, vid\u00e9os, animations interactives et production de la s\u00e9rie \u00ab\u2009<a href=\"http:\/\/lionel-volta.fr\/ents\/ents-2\/\">Ents<\/a>\u00bb <br>(infographies).<\/p>\n\n\n\n<p><\/p>\n\n\n\n<p>Affili\u00e9 \u00e0 la Maison des Artistes N\u00b0 V180159<br>SIRET : 422 542 837 00055 | APE 9003B<\/p>\n\n\n\n<p>Formulaire de <a href=\"http:\/\/lionel-volta.fr\/ents\/contact\/\">CONTACT<\/a><\/p>\n\n\n\n<figure class=\"wp-block-image size-large\"><img loading=\"lazy\" decoding=\"async\" width=\"1024\" height=\"752\" src=\"http:\/\/lionel-volta.fr\/ents\/wp-content\/uploads\/communale-lamoura-1500-1024x752.jpg\" alt=\"\" class=\"wp-image-1979\" srcset=\"https:\/\/lionel-volta.fr\/ents\/wp-content\/uploads\/communale-lamoura-1500-1024x752.jpg 1024w, https:\/\/lionel-volta.fr\/ents\/wp-content\/uploads\/communale-lamoura-1500-300x220.jpg 300w, https:\/\/lionel-volta.fr\/ents\/wp-content\/uploads\/communale-lamoura-1500-1200x881.jpg 1200w, https:\/\/lionel-volta.fr\/ents\/wp-content\/uploads\/communale-lamoura-1500.jpg 1500w\" sizes=\"auto, (max-width: 1024px) 100vw, 1024px\" \/><figcaption class=\"wp-element-caption\">Dans le pr\u00e9 derri\u00e8re l&rsquo;\u00e9cole de Lamoura en 1972 ? le bigleux au 3\u00e8me rang &#8230;<\/figcaption><\/figure>\n","protected":false},"excerpt":{"rendered":"<p>Depuis mon enfance, je cabriole dans la for\u00eat du Haut-Jura. Elle est rest\u00e9e un peu sauvage, moi aussi. Je partage des photos pour montrer comme c&rsquo;est beau, tout simplement. Je documente modestement mon \u00e9cosyst\u00e8me de primate canop\u00e9en. En bricolant mes photos, les \u201cEnts\u201d me sont apparus, cach\u00e9s dans la mati\u00e8re. Un peuple de figures spontan\u00e9es [&hellip;]<\/p>\n","protected":false},"author":1,"featured_media":0,"parent":0,"menu_order":0,"comment_status":"closed","ping_status":"closed","template":"","meta":{"footnotes":""},"class_list":["post-246","page","type-page","status-publish","hentry","missing-thumbnail"],"_links":{"self":[{"href":"https:\/\/lionel-volta.fr\/ents\/wp-json\/wp\/v2\/pages\/246","targetHints":{"allow":["GET"]}}],"collection":[{"href":"https:\/\/lionel-volta.fr\/ents\/wp-json\/wp\/v2\/pages"}],"about":[{"href":"https:\/\/lionel-volta.fr\/ents\/wp-json\/wp\/v2\/types\/page"}],"author":[{"embeddable":true,"href":"https:\/\/lionel-volta.fr\/ents\/wp-json\/wp\/v2\/users\/1"}],"replies":[{"embeddable":true,"href":"https:\/\/lionel-volta.fr\/ents\/wp-json\/wp\/v2\/comments?post=246"}],"version-history":[{"count":10,"href":"https:\/\/lionel-volta.fr\/ents\/wp-json\/wp\/v2\/pages\/246\/revisions"}],"predecessor-version":[{"id":2772,"href":"https:\/\/lionel-volta.fr\/ents\/wp-json\/wp\/v2\/pages\/246\/revisions\/2772"}],"wp:attachment":[{"href":"https:\/\/lionel-volta.fr\/ents\/wp-json\/wp\/v2\/media?parent=246"}],"curies":[{"name":"wp","href":"https:\/\/api.w.org\/{rel}","templated":true}]}}

Lionel Volta &#8211; de la forêt

<div class="wp-block-image">
<figure class="aligncenter"><img loading="lazy" decoding="async" width="300" height="226" src="http://lionel-volta.fr/ents/wp-content/uploads/Lionel-Volta-300x226.jpg" alt="" class="wp-image-1711" srcset="https://lionel-volta.fr/ents/wp-content/uploads/Lionel-Volta-300x226.jpg 300w, https://lionel-volta.fr/ents/wp-content/uploads/Lionel-Volta.jpg 600w" sizes="auto, (max-width: 300px) 100vw, 300px" /></figure></div>


<p>Depuis mon enfance, je cabriole dans la forêt du <a href="http://lionel-volta.fr/ents/contexte/">Haut-Jura</a>. Elle est restée un peu sauvage, moi aussi.</p>



<p>Je partage des <a href="http://lionel-volta.fr/ents/category/photos/">photos</a> pour montrer comme c&rsquo;est beau, tout simplement. Je documente modestement mon <a href="http://lionel-volta.fr/ents/derriere-chez-moi-savez-vous-quoi-quil-y-a/">écosystème</a> de primate canopéen.</p>



<p>En bricolant mes photos, les “<a href="http://lionel-volta.fr/ents/ents/">Ents</a>” me sont apparus, cachés dans la matière. Un peuple de figures spontanées se lève et c&rsquo;est de l&rsquo;art.</p>



<p>Après le massacre, il reste des <a href="http://lionel-volta.fr/ents/tout-souches/">souches</a> ! elles sont très belles et racontent leur histoire dendrochronologique. On dit qu&rsquo;elles restent vivantes très longtemps et continuent en douce à échanger de bons services avec leurs voisins.  </p>



<p>Je fais des <a href="http://lionel-volta.fr/ents/comment-montrer-un-arbre/">expériences</a>.</p>



<p>Je commence un travail <a href="http://lionel-volta.fr/ents/category/videos/">vidéo</a>. Boucles courtes, sujets graphiques, minimalistes.</p>



<p><a href="https://fr.wikipedia.org/wiki/Par%C3%A9idolie">Paréidolies</a>, arbres, forêt, biodiversité, état sauvage, rapports entre l&rsquo;homme et la planète.</p>



<p>Bonne
visite.</p>



<p>Lionel</p>



<h2 class="wp-block-heading">Mini bio</h2>



<p><strong>Lionel Volta</strong></p>



<p>Graphiste &#8211; Plasticien<br>Vit et travaille entre Paris et le Jura.</p>



<p>Né en 1962, 4 enfants, grand-père.<br>Enfance à Lamoura dans le Haut-Jura.<br>Bac A7 (Arts plastiques) à Besançon 81.<br>Diplôme supérieur des Arts Décoratifs de Strasbourg 87.</p>



<p>Dessinateur maquettiste puis infographiste dans des agences de publicité, éditeurs, imprimeries.<br>Graphiste indépendant depuis 1999.</p>



<p>En parallèle, dessine, photographie, détourne, etc.</p>



<p>Depuis 2009 développe un projet artistique « de la forêt  » : recherches sur la représentation des arbres, photos, vidéos, animations interactives et production de la série « <a href="http://lionel-volta.fr/ents/ents-2/">Ents</a>» <br>(infographies).</p>



<p></p>



<p>Affilié à la Maison des Artistes N° V180159<br>SIRET : 422 542 837 00055 | APE 9003B</p>



<p>Formulaire de <a href="http://lionel-volta.fr/ents/contact/">CONTACT</a></p>



<figure class="wp-block-image size-large"><img loading="lazy" decoding="async" width="1024" height="752" src="http://lionel-volta.fr/ents/wp-content/uploads/communale-lamoura-1500-1024x752.jpg" alt="" class="wp-image-1979" srcset="https://lionel-volta.fr/ents/wp-content/uploads/communale-lamoura-1500-1024x752.jpg 1024w, https://lionel-volta.fr/ents/wp-content/uploads/communale-lamoura-1500-300x220.jpg 300w, https://lionel-volta.fr/ents/wp-content/uploads/communale-lamoura-1500-1200x881.jpg 1200w, https://lionel-volta.fr/ents/wp-content/uploads/communale-lamoura-1500.jpg 1500w" sizes="auto, (max-width: 1024px) 100vw, 1024px" /><figcaption class="wp-element-caption">Dans le pré derrière l&rsquo;école de Lamoura en 1972 ? le bigleux au 3ème rang &#8230;</figcaption></figure>

<p>Depuis mon enfance, je cabriole dans la forêt du Haut-Jura. Elle est restée un peu sauvage, moi aussi. Je partage des photos pour montrer comme c&rsquo;est beau, tout simplement. Je documente modestement mon écosystème de primate canopéen. En bricolant mes photos, les “Ents” me sont apparus, cachés dans la matière. Un peuple de figures spontanées [&hellip;]</p>
